{"id":40,"date":"2023-03-03T14:48:37","date_gmt":"2023-03-03T14:48:37","guid":{"rendered":"https:\/\/ruthardt-horneber.de\/?page_id=40"},"modified":"2023-03-03T15:24:04","modified_gmt":"2023-03-03T15:24:04","slug":"angebote-supervision","status":"publish","type":"page","link":"https:\/\/ruthardt-horneber.de\/?page_id=40","title":{"rendered":"Angebote: Supervision"},"content":{"rendered":"\n<h2>Supervision<\/h2>\n\n\n\n<p><strong>Beratung und professionelle Begleitung f\u00fcr Ihre berufliche Arbeit, individuell oder im Team<\/strong><br><br>Am Meilener Systemischen Institut\/CH (Rosmarie Welter-Enderlin und Bruno Hildenbrand) f\u00fcr Supervision und Coaching ausgebildet, begleite ich \u00fcberwiegend Einzelne und Teams, die professionell in sozialen, beratenden, p\u00e4dagogischen&nbsp;und klinischen Berufsfeldern t\u00e4tig sind, auch Ehrenamtlichen- und Selbsthilfegruppen mit diesen Schwerpunkten.<br><br>Professionell mit Personalentwicklung und Mitarbeiterf\u00fchrung befasste Einzelne und Teams k\u00f6nnen ebenfalls von diesem Angebot profitieren.<br><br>Teams k\u00f6nnen neben der Supervision der beruflichen Arbeit auch zur Team- und Personal-Entwicklung beitragende Weiterbildungsangebote zu Themen wie Stress-Management, Work-Life-Balance, Burnout-Prophylaxe und Psychohygiene, sowie zu Themen innerbetrieblicher Kommunikation in Anspruch nehmen.<\/p>\n\n\n\n<p><a href=\"https:\/\/ruthardt-horneber.de\/?page_id=17\" data-type=\"page\" data-id=\"17\">&gt; Konditionen<\/a><\/p>\n","protected":false},"excerpt":{"rendered":"<p>Supervision Beratung und professionelle Begleitung f\u00fcr Ihre berufliche Arbeit, individuell oder im Team Am Meilener Systemischen Institut\/CH (Rosmarie Welter-Enderlin und Bruno Hildenbrand) f\u00fcr Supervision und Coaching ausgebildet, begleite ich \u00fcberwiegend Einzelne und Teams, die professionell in sozialen, beratenden, p\u00e4dagogischen&nbsp;und klinischen Berufsfeldern t\u00e4tig sind, auch Ehrenamtlichen- und Selbsthilfegruppen mit diesen Schwerpunkten. Professionell mit Personalentwicklung und Mitarbeiterf\u00fchrung &hellip; <\/p>\n<p class=\"link-more\"><a href=\"https:\/\/ruthardt-horneber.de\/?page_id=40\" class=\"more-link\">Continue reading<span class=\"screen-reader-text\"> &#8220;Angebote: Supervision&#8221;<\/span><\/a><\/p>\n","protected":false},"author":1,"featured_media":0,"parent":0,"menu_order":0,"comment_status":"closed","ping_status":"closed","template":"","meta":[],"_links":{"self":[{"href":"https:\/\/ruthardt-horneber.de\/index.php?rest_route=\/wp\/v2\/pages\/40"}],"collection":[{"href":"https:\/\/ruthardt-horneber.de\/index.php?rest_route=\/wp\/v2\/pages"}],"about":[{"href":"https:\/\/ruthardt-horneber.de\/index.php?rest_route=\/wp\/v2\/types\/page"}],"author":[{"embeddable":true,"href":"https:\/\/ruthardt-horneber.de\/index.php?rest_route=\/wp\/v2\/users\/1"}],"replies":[{"embeddable":true,"href":"https:\/\/ruthardt-horneber.de\/index.php?rest_route=%2Fwp%2Fv2%2Fcomments&post=40"}],"version-history":[{"count":2,"href":"https:\/\/ruthardt-horneber.de\/index.php?rest_route=\/wp\/v2\/pages\/40\/revisions"}],"predecessor-version":[{"id":83,"href":"https:\/\/ruthardt-horneber.de\/index.php?rest_route=\/wp\/v2\/pages\/40\/revisions\/83"}],"wp:attachment":[{"href":"https:\/\/ruthardt-horneber.de\/index.php?rest_route=%2Fwp%2Fv2%2Fmedia&parent=40"}],"curies":[{"name":"wp","href":"https:\/\/api.w.org\/{rel}","templated":true}]}}